= 102 - 102. Give s(d).
9
Let n(j) = 5*j**3 - 3*j**2 + 3*j + 1. Let s(x) = -5*x**3 + 2*x**2 - 2*x - 1. Let m(q) = -2*n(q) - 3*s(q). Let c = 0 + 1. Determine m(c).
6
Let f = 42 - 47. Let z(x) = -x**3 - 6*x**2 - 5*x - 2. Give z(f).
-2
Let p(b) = -b**3 - 2*b**2 - 3. Let h(l) = 2*l**2 + 7*l + 0*l**2 - 2*l + 3 - l**2. Let w be h(-3). Determine p(w).
6
Let s(h) = 10*h**2 - 11*h - 7. Let t(j) = 3*j**2 - 4*j - 2. Let m(p) = 2*s(p) - 7*t(p). Determine m(5).
5
Let x be (6/8)/((-1)/4). Let m = x - -1. Let c(d) = -5*d**2 - 3*d + 3. Let u(j) = 14*j**2 + 8*j - 8. Let a(i) = 8*c(i) + 3*u(i). Calculate a(m).
8
Let c(g) = -9*g + 8*g - 201 + 171. Determine c(0).
-30
Let s(z) = -5*z**2 - 5 - 10*z - 14*z + 5*z. Let o(f) = 2*f**2 + 9*f + 2. Let m(p) = 7*o(p) + 3*s(p). Calculate m(5).
4
Let l(r) = -2*r**3 + 3*r**2 - r - 13. Let h(b) = -b**3 + 2*b**2 - b - 6. Let v(o) = 7*h(o) - 3*l(o). Suppose -z + 8 = z. Calculate v(z).
-3
Let j(w) = w**3 - w + 6. Let i be j(0). Let r(q) be the third derivative of -q**4/24 + q**3 - 5*q**2. Give r(i).
0
Let b(y) = y**3 + y**2 + 1. Let r(h) = -h + 7. Let i be r(7). Let u be b(i). Let l(w) = w**2 + w + 0 + u + 0*w**2. Determine l(0).
1
Let h(l) = 2*l - 3*l - 7 + 2*l. Suppose d + 0 = -7. Let w = d - -7. Calculate h(w).
-7
Let s(b) = -38 + 17 + b**2 + 2*b + 22. Suppose 5*u = 5*g, 4*g = -2*u + 3*u + 6. Let c(v) = -v**2 + 2. Let o be c(u). What is s(o)?
1
Let h(u) be the third derivative of u**5/60 - u**4/24 + 5*u**3/6 - 9*u**2. What is h(0)?
5
Let h = 16 - 11. Suppose -28 + 3 = -h*j, 0 = -5*g + 5*j. Let q(c) = -c**3 + 5*c**2 - c + 4. Calculate q(g).
-1
Let g(d) = d + 1. Suppose 0 = -20*a - 48 - 92. What is g(a)?
-6
Let v = 24 + 0. Suppose 5*m - v = -2*b, 2*b - 6*b = -2*m. Suppose 0 = -0*h + b*h - 8. Let w(n) = n**3 - 4*n**2 + 2*n. What is w(h)?
8
Let q(m) = m**3 - m - 3*m**2 + 3*m - m. Let h = 109 + -107. Determine q(h).
-2
Let z(u) be the second derivative of u**5/20 - u**4/12 - 2*u**3/3 + 3*u**2/2 + 4*u. Let n be z(2). Let q(i) = 2*i + 2 + 2*i**2 - i - 1. Give q(n).
2
Suppose 0 = -2*w - 0*w. Suppose -o = 2*g - 2, 0 = 4*g + 4*o - 0*o. Let r(k) = -k**2 + k**3 + 3*k**g - 3 + 4 - k**2. Calculate r(w).
1
Suppose -5*f + 1 = 11. Let o(z) = -z**3 - z**2 + 2*z + 2. Determine o(f).
2
Let d = 18 - 15. Let b(x) = x**2 - x**d + 0*x + 0*x + 2*x. Determine b(2).
0
Let i(c) = -1. Suppose 1 - 2 = -q. Let w(h) = -h + 4. Let y(x) = q*w(x) + 4*i(x). Give y(4).
-4
Let k(z) be the third derivative of z**5/60 - 2*z**3/3 + 14*z**2. Give k(4).
12
Let k(h) = -h**2 - 2*h + 3. Suppose 4 = i + 2*t - 5, -3*i = -2*t - 3. Suppose -i*a + 0 = 12. Give k(a).
-5
Let s(t) = -6*t**2 + t + 1. Let w(n) = -n**3 - 8*n**2 - 9*n - 8. Let a be w(-7). Let j = 8 - a. Let q = j + -3. What is s(q)?
-6
Let l(t) = -1. Suppose 0 = 3*k - 2*c + 11, k + 3*c - 19 = -2*c. Let u(h) = h + 4. Let r(p) = k*u(p) - 2*l(p). Give r(5).
-7
Let j(n) = -n - 3*n**2 + 4*n**2 + 3 + 0*n**2. Let t(v) = v**2 + 3*v + 1. Let h be t(-4). Suppose 0*w + h*m - 5 = 3*w, 5*w - 4*m = -4. Calculate j(w).
3
Let i(f) = f**2 + f + 6. Let u(a) = a**3 - 13*a**2 + a - 17. Let s be u(13). Let y be 4/16 - (-1)/s. Give i(y).
6
Let a(h) = 10*h - 1. Let l(b) = -b**3 - 2*b**2 - b. Let t be l(-1). Suppose 5*i + 3 = -7. Let j be (0 - i)/(-2 + t). What is a(j)?
-11
Let k(s) be the first derivative of 3*s**2 + s - 27. What is k(2)?
13
Let h(i) = i + 4. Let l be h(-5). Suppose -6 = -2*x - x. Let q(v) = v**3 + 5*v**x - 7*v**2 - 3*v**3 - v. Give q(l).
1
Let q(c) = -4*c + 94. Let m be q(23). Let h(g) = 2*g - 2*g**2 + 0*g**2 + 2*g**3 - g**3. Give h(m).
4
Let j(p) = -p**2 - p + 2. Let w(d) = -d**2 - 12*d - 11. Let h be w(-11). Give j(h).
2
Suppose -4*w - 27 + 3 = 0. Let r(u) = u**3 + 3*u**2 - u + 7. Let k(n) = n**3 + 4*n**2 + 6. Let x(c) = -3*k(c) + 2*r(c). Determine x(w).
8
Let z(n) = 13*n - 9. Let d(a) = -7*a + 5. Let f(o) = -11*d(o) - 6*z(o). Suppose -3*p = -8 - 4. Calculate f(p).
-5
Let h(q) = -9*q**2 + 9*q - 8. Let w(b) = 9*b**2 - 8*b + 7. Let y(d) = -6*h(d) - 7*w(d). Determine y(1).
-8
Suppose c - 4*c = -51. Suppose -3*r + 3*z = 3, -r = 3*z + 2*z - c. Let x(d) = -d**2 - 2*d + 3. Give x(r).
-5
Let j(h) = -h**3 - h**2 - h - 1. Let i be j(-2). Suppose 0 = i*z - z - 4. Let c(s) = s + 1. What is c(z)?
2
Let w = -15 + 19. Let f(l) = -5*l**3 - 5*l**2 + 5*l + 8. Let k(m) = -11*m**3 - 10*m**2 + 10*m + 17. Let r(p) = 13*f(p) - 6*k(p). Give r(w).
6
Let s(t) be the second derivative of -t**5/20 + t**4/6 + t**2/2 + 9*t. Let y be (2/3)/(1/6). Suppose 4 + 4 = y*m. Calculate s(m).
1
Let z(a) = a**2 + 4*a + 2. Let w be 1*-2 - 132/(-6). Suppose 2*b + 5*f - 4*f = -8, -5*b = 2*f + w. Calculate z(b).
2
Suppose x - 2*b + 5 = 0, -8 = 4*x - 3*b - b. Let r(p) = -3*p - p**2 + 4 + x - 4. What is r(-4)?
-3
Let m = -2 + 1. Let i(f) = 3*f + 1. Let z be i(m). Let q(s) = -s**2 + 5 + 2*s + 4 + 2*s**2 - 13 + s**3 + 3. Calculate q(z).
-9
Let u(s) = s**2 + s + 1. Suppose -4*h = -3*h. Let i be u(h). Let c(f) = -2*f - i + 3*f + 0. Calculate c(1).
0
Let i(h) = -h - 3. Let n(m) = -m**2 - 8*m - 6. Let j be 34/(-4) - (-2)/4. Let k be n(j). Calculate i(k).
3
Let o(z) be the second derivative of z**5/20 - z**3/6 - 20*z. What is o(-1)?
0
Let l(q) = -q - 3. Let v be l(-8). Suppose 3*m + v + 4 = 0. Let n(d) = 2*d - 2. What is n(m)?
-8
Suppose -4 = 4*y + 4. Let i(u) = u**3 + 2*u**2 - 2*u - 3. Give i(y).
1
Suppose -4 = b - 5*l - 13, 2*l - 14 = -4*b. Let h(a) = 3 + 4 + a - b. Calculate h(-3).
0
Suppose 4*x = -0*x + 4. Let r(t) = 1. Let q(u) = u - 1. Let p(c) = x*r(c) - q(c). Calculate p(5).
-3
Let j(g) = 0*g - 3*g + 2*g**2 - 1 - 4*g + 0*g. Determine j(5).
14
Let h(a) = -a + 5. Let d be (-1)/((-16)/(-6) - 3). Suppose -3*u + 20 = -4*y, 2*u - 15 = u + d*y. Determine h(u).
5
Let f(c) be the first derivative of 5*c**2/2 - 2. Let s = -16 - -12. Let k = -2 - s. Calculate f(k).
10
Let m(a) = -2*a + 6. Let p be (1 - 3) + 9/3. Let n(s) = 5*s**2 - 2*s + 1. Let h be n(p). Suppose 4*r = -q + 6*q + 20, h*r - q - 20 = 0. Give m(r).
-4
Suppose 5*k + m = -25, -3*m + 0 + 5 = -k. Let s(z) = -1. Let d(f) = -f**2 - 5*f + 3. Let c(r) = -d(r) - 5*s(r). Determine c(k).
2
Let z be 2/(-2 - 16/(-4)). Suppose -p + z = 3. Let u(h) = -2*h + 4*h**2 + h**3 - 5*h**2 + 0*h. Give u(p).
-8
Suppose -2*a - 8 = 2*a. Let x(l) = 0*l - 2*l + 0 + l**2 + 0*l + 1. Determine x(a).
9
Let o(w) = -3*w + 1. Let g = -3 + 4. Let j(u) = u. Let l(t) = g*o(t) + 4*j(t). Calculate l(-6).
-5
Suppose -2 = 5*l - 7, 0 = -2*a - 2*l - 8. Suppose -s - 22 = s. Let c(m) = -3*m + 4. Let d(f) = 16*f - 21. Let p(g) = s*c(g) - 2*d(g). What is p(a)?
-7
Suppose 0*k - k + 2 = 0. Suppose 4*s = k*h + 22, 0 = -s + 5*h - h + 9. Let l(x) be the first derivative of -x**3/3 + 3*x**2/2 + 5*x - 1. Determine l(s).
-5
Let x(o) = -12 + 0*o + o + 0*o. Suppose -3*f - c = -0*f + 37, 3*f = 2*c - 52. Let p be 135/21 + 6/f. Calculate x(p).
-6
Let d(g) = 5*g**3 + 2*g - 4*g + 14 - g**2 - 13 + 3*g. What is d(-1)?
-6
Let z(u) = u**3 + 1. Let q(v) = -3*v**3 + 5*v**2 - v - 9. Let p(i) = q(i) + 4*z(i). Suppose -2*k - 2*k + 16 = 0. Suppose 1 = -l - k. Give p(l).
0
Let i be (-3 + 1)*(2 - 4). Let u(x) = 2*x**2 - 3 + x + i + 0. What is u(-2)?
7
Let p = 6 + -15. Let t be ((-6)/(-9))/(1/p). Let c(h) = h**2 + 7*h + 1. Determine c(t).
-5
Let s(u) = 3 + u**3 - 2*u**2 - 5*u + 5*u**2 - 7*u**2. Let a(k) = -k + 12. Let y be a(7). What is s(y)?
3
Let r be 2/(-8) + (-9)/(-4). Let h(n) = -2 - n**2 + 1 + r*n**2 - 2*n. Let d = 8 - 5. Give h(d).
2
Suppose 7*x = 2*x. Let z(h) = -3 - h - h + 3*h + x. Determine z(4).
1
Let w(g) = -2*g - 6 + 8 - 6. Give w(5).
-14
Let b = 10 - 14. Suppose 6 = 4*a - r, -a - 2*r = -3*r. Let u(g) = -2*g + g**3 - 5*g**a + 0*g**3 + 4 - 2*g**3. What is u(b)?
-4
Let m(a) = -2*a + a - 1 - 5*a**2 + 0*a. Suppose -3*h = -l - 0*h, 3*h + 6 = 3*l. Let u = l - 4. What is m(u)?
-5
Let b(w) = w**2 + 7*w - 4. Suppose -y + 2*x - 18 = 0, y + x + 0*x + 3 = 0. Give b(y).
4
Let x = -33 + 33. Let v(p) = 4*p**3 + p**2 - 4*p - 12. Let d(l) = -11*l**3 - 3*l**2 + 11*l + 37. Let h(s) = 3*d(s) + 8*v(s). Calculate h(x).
15
Let b(f) be the second derivative of f**6/720 + f**5/30 + f**4/4 - 2*f. Let v(u) be the third derivative of b(u). Calculate v(0).
4
Let k(n) be the first derivative of -n**4/4 + n**3 + 5*n**2/2 - 6*n + 1. Let v be (4/3)/((-2)/(-15)). Suppose 2*z + 2 = v. What is k(z)?
-2
Let